-6
Suppose 0 = -2*i - 0 + 10. Suppose x = 2*d + 1, 0 = -3*x - x - i*d - 22. Let c(w) = 5*w - 2. What is c(x)?
-17
Let h(b) = -7631 + 10*b + 3782 + 3803. Determine h(6).
14
Let d(w) be the first derivative of w**5/20 - 3*w**4/4 - 4*w**3/3 - 5*w**2 + 67*w + 48. Let z(q) be the first derivative of d(q). Give z(10).
10
Let l(t) = -t**2 - t + 37. Let m be ((-5)/3)/((2185/342)/(-23)). Give l(m).
-5
Suppose 16 = -2*i + 32. Suppose 4*m - 38 = 2*s, i*m + 2*s - 4 = 6*m. Let h(c) = 3 + 4 + c**3 - m. Calculate h(1).
1
Let j(n) = 2*n**2 + 2*n - 1. Let s(v) be the third derivative of -11*v**5/60 - v**4/4 + 5*v**3/3 - 35*v**2. Let t(y) = 6*j(y) + s(y). Determine t(-4).
-4
Let x(g) = -4*g**3 + 48*g**2 + 58*g + 1. Let r(b) = -3*b**3 + 33*b**2 + 43*b + 1. Let l(f) = -7*r(f) + 5*x(f). Suppose 3*t = -0*t - 30. Calculate l(t).
8
Let j(q) = 29*q + 914 + 32*q**2 + q**3 - 525 - 450. Determine j(-31).
1
Let q(f) be the third derivative of 29*f**6/60 + f**5/30 - f**3/6 - 1716*f**2. Determine q(1).
59
Let u(n) = -318*n**2 - 304*n**2 - 302*n**2 + 10 - 302*n**2 + 1227*n**2 + 7*n. Give u(-3).
-2
Suppose -4*f = 5*z + 832, 525 = -5*z + 3*f - 321. Let p be (-3)/(z/16) + (-72)/7. Let r(d) = d**3 + 11*d**2 + 11*d + 9. What is r(p)?
-1
Let l(q) = -q**3 - 2*q**2 + 2*q - 5. Let p = -180 - -185. Suppose r - 16 = p*r. Determine l(r).
19
Let m(b) = 3*b**2 + 67*b - 56. Let o be (24/(-8) + 5)/((-4)/38) - 4. Calculate m(o).
-10
Suppose 3*w = -3*g, w + 3*w + 9 = -g. Let p(t) = -260*t**2 - 25*t + 135*t**2 - 4 + 126*t**2 + 22*t. Give p(w).
14
Let h be (-1)/(7/(-28)*-4). Let c(w) = -13*w**2 + 5*w + 1. What is c(h)?
-17
Let o(n) = 2*n**3 - 3*n - 1. Suppose -5*f = 5*j - j - 35, -3*j + 3*f = -33. Suppose j*y = -3*y + 39. Let s be 3*(10/y)/(-5). Determine o(s).
-11
Let i(v) = 14*v**2 + 25*v - 8. Let y(a) = -33*a**2 - 51*a + 20. Let n(b) = -7*i(b) - 3*y(b). Calculate n(23).
19
Let m = -8490 + 8484. Let h(v) = v**3 + 8*v**2 - 2*v - 16. What is h(m)?
68
Let y(l) = -5474*l + 10920*l + 102 - 5481*l. Calculate y(3).
-3
Suppose -3555 = -5*s - 5*d, 0*s + 4*s - 2847 = -3*d. Let o(k) = -k**3 + 713 - s + k**2 + 2*k**2. Determine o(3).
-1
Suppose 0 = 2*i + 3*s - 6, 0*i - 5*i + 38 = -4*s. Suppose -c - 10 = -i*c. Let j(f) = 6*f**c - 33*f + f**3 - 9 + 71*f - 34*f + 2. What is j(-5)?
-2
Let y be -4*6/(96/404). Let x = 103 + y. Let m(a) be the third derivative of -a**4/12 + a**3/3 - 3*a**2. Calculate m(x).
-2
Let a be (-2)/4*(552/(-23) + 16). Let t(c) = 20*c - 6. Give t(a).
74
Let o = -2772 - -2764. Let t(c) = 9*c + 11. Give t(o).
-61
Let f(l) = -2*l - 3. Suppose -2*y + 10 = -12. Let n(r) = -3*r - 40. Let t be n(-15). Suppose -3*v = y - t. Calculate f(v).
1
Let s be 122/(-16) + 28/((-896)/12). Let d(a) = -a**3 - 10*a**2 - 11*a + 7. Give d(s).
-33
Let r = -11316 + 11327. Let t(a) = -a**2 + 15*a - 27. Determine t(r).
17
Let n(f) = 8*f - 22. Suppose 4*w + 47 = -w + v, -2*w = -2*v + 14. Let a(z) = z - 1. Let u(m) = w*a(m) + n(m). Determine u(-12).
12
Let y(d) = -d**2 - 85*d - 264. Let v be y(-82). Let c(n) = -16*n - 291. What is c(v)?
-3
Let f(k) = 16*k - 16. Let o = -9123 - -9124. Determine f(o).
0
Let h(m) be the first derivative of m**4/4 + 5*m**3/3 + 3*m**2 + 12*m + 243. What is h(-4)?
4
Let t = 6548 + -6529. Let a(c) be the second derivative of 0 + 0*c**2 - t*c - 2/3*c**3. Determine a(-2).
8
Suppose 3*b = 2*t + 7, -b + t - 15 + 17 = 0. Let k be (b/(-2))/((-18)/60). Let p(q) = -q**3 + 6*q**2 - 2. Calculate p(k).
23
Let n(b) = -b**3 + 11*b**2 + 4. Suppose -164*x = -161*x - 4*o - 5, -x - 5*o + 46 = 0. Calculate n(x).
4
Suppose 2*n - 49 = 3*j, -12*j + 10*j - 24 = 3*n. Let c(v) = -3*v - 31. Determine c(j).
14
Let t(n) = 9*n**3 - 4*n**2 - n + 8. Let b(d) = -2*d**2 + 13*d + 416. Let p be b(18). Determine t(p).
62
Suppose i = -27 + 33. Let d(s) = 2*s**2 - 8*s + 7. Determine d(i).
31
Suppose 0 = 3208*t - 3210*t - 8. Let z(s) = -s**3 - 2*s**2 - s - 7. Let j be z(-3). Let w(v) = 5*v + 8*v**2 - 7*v**2 - v + j. Give w(t).
5
Let b(u) be the third derivative of 9*u**4/8 + 71*u**3 + 2216*u**2. Give b(-16).
-6
Let u(c) be the second derivative of -c**5/24 - c**4/12 - 2*c**3/3 - 3*c**2 + 7*c - 4. Let w(o) be the second derivative of u(o). Calculate w(2).
-12
Let w = 7704 + -7706. Let d(t) = 19*t**3 - t**2 + 4. Give d(w).
-152
Let h(o) = o**3 - 4*o**2 - 4*o + 2. Suppose -65 = 52*y - 39*y. Let c(i) = 2*i**3 - 8*i**2 - 9*i + 3. Let k(t) = y*h(t) + 2*c(t). What is k(5)?
-19
Let d(a) = -2 + 4*a - a - 5 - 1. Let b = -711 - -715. Calculate d(b).
4
Suppose -30 = 3*m - 2*s, 4*s - 12 = 4*m + 32. Let g(f) = f**2 + 2*f - 50. What is g(m)?
-2
Let v(m) be the second derivative of -m**3/6 - 3*m**2/2 + 10*m. Suppose -480*c + 3748 - 812 = -113*c. Determine v(c).
-11
Let p be 3*(7/3 + -4). Let f(q) = -q + 13. Determine f(p).
18
Let z(o) be the second derivative of -o**3/2 + 8*o**2 - 35775*o. Let m = -14 - -20. Give z(m).
-2
Suppose -3*j + 5*x - 5 = 0, -2*j + 4*j - 4*x + 4 = 0. Let b(c) = 14*c + 16. What is b(j)?
16
Let l = -131 + 133. Suppose -13*x + l = -15*x. Let a(t) = -4*t**2 + t + 1. Determine a(x).
-4
Let k(v) be the second derivative of -v**4/12 + 17*v**3/6 - 18*v**2 - 2620*v. Determine k(8).
36
Let b(f) = -3*f**2 - 83. Let x(s) = s**3 - 4*s**2 + s - 84. Let h(m) = 3*b(m) - 2*x(m). Let w(v) be the first derivative of h(v). Calculate w(-1).
-6
Let p = 4 + -1. Let i(x) = p*x + 5290 - 5288 - 9*x. Give i(3).
-16
Suppose -4*r + 4*p - 1 + 29 = 0, 5 = -r - 3*p. Let l(j) be the first derivative of 4*j + 5/2*j**2 + 1/4*j**4 - 1 - 2*j**3. Determine l(r).
-8
Suppose 0 = -3*k + 4*s + 44, 4 = -k + 5*s + 26. Let m(l) = 7*l**3 - 7*l - 1. Let x(g) = -27*g**3 - 11*g**2 + 16*g - 5. Let y(v) = -4*m(v) - x(v). What is y(k)?
9
Let n(q) = -6*q - 1. Let r = -24 - -12. Let y(k) = 6*k + 74. Let h be y(r). Give n(h).
-13
Let g be 2*(-1)/2*1*0. Let l(u) = -4*u - 8 + g*u + 7. Suppose 4*c - 19 = -7. What is l(c)?
-13
Let v(k) = -7*k**2 + k - 34. Let n(o) = -16*o**2 + o - 76. Let u(l) = -4*n(l) + 9*v(l). Give u(-6).
4
Suppose 43*n = -7*n - 110 - 140. Let x(v) = -4*v - 16. Calculate x(n).
4
Suppose -4*k - 5*r - 58 = 0, k + 2*k + 5*r + 46 = 0. Let v(l) = 14*l**2 + 25*l - 414. Let a(o) = -o**2 + 35. Let y(j) = 12*a(j) + v(j). Give y(k).
-6
Let w(a) be the second derivative of -a**4/4 - 7*a**3/3 - 7*a**2/2 + 142*a. What is w(-5)?
-12
Suppose 16*t + 9*t - 17*t = 0, 4*f - 5*t = 0. Let s(p) be the third derivative of -1/60*p**5 + 0 + 36*p**2 - 5/6*p**3 + 3/8*p**4 + f*p. Calculate s(6).
13
Let p(s) = 6*s + 2. Let o(l) = -4*l**2. Let y(z) = -13*z**2 + 39. Let q(d) = 3*o(d) - y(d). Let c be q(6). What is p(c)?
-16
Let y(p) = 211*p + 0 - 5 - 212*p + 0. Let s = 572 - 558. Give y(s).
-19
Let y be 0/(-9 + 5 + 2). Let m(z) = 39*z + 5. Determine m(y).
5
Suppose 8*p - 23 = 17. Let t(d) = -p - 1 - d - 2. Let w = -4 - 1. Determine t(w).
-3
Let d(x) = -18. Let g(k) = 12*k + 167. Let y(r) = 3*d(r) + g(r). Give y(-10).
-7
Let y be (9/2 + 0)*(-10)/15. Let k be 0 + y - 1 - -50. Suppose -2*l + 38 - k = 0. Let o(f) = -2*f**2 - 4*f - 1. Give o(l).
-17
Let v(n) = 2*n + 9. Suppose -327 = -44*p - 56*p - 9*p. Give v(p).
15
Suppose 0 = 6*k - 141 + 153. Let v(t) = 2*t**2 - 17*t - 8. Let w(n) = -n**2 + 16*n + 10. Let c(q) = k*v(q) - 3*w(q). What is c(-12)?
10
Suppose 0 = 5*i - 0*g + g - 12, -i - 4*g = -10. Let r(s) = -s**2 + 3*s**i - 3*s**2 - 55 + 58 - 2*s. Calculate r(-5).
-12
Let l(p) be the second derivative of p**5/20 + 5*p**4/3 + 19*p**3/6 - 7*p**2 - 325*p + 2. Determine l(-19).
-14
Let g(y) = 3*y**3 - 10*y + 2*y**2 + 2 - 4 + 11*y - 5*y**3. Let h(s) = 1. Let k(w) = w**2 + w - 6. Let f(p) = -10*h(p) - 2*k(p). Let c be f(-2). What is g(c)?
20
Let v(s) = 31 + 18*s - 14*s + 7*s - 4*s - 6*s. What is v(-18)?
13
Let u(b) = -2*b**2 - 23*b - 22. Suppose 258 = 27*d + 555. Give u(d).
-11
Suppose -5*o = 5, -13*v + 3*o = -15*v - 13. Let b be (-2)/5 - 7/v. Let t(p) = 6*p**3 - 2*p**2 + 2*p - 1. Calculate t(b).
5
Let m be ((11000/(-70))/(-11))/((-4)/(-14)). Let f(y) = -3 - m*y + 4*y**3 - 5*y**3 + 26*y - 4*y**2 + 25*y. Calculate f(-4).
-7
Let u be (-105)/(-14) + 2/4. Let m = -6 + u. Let q(l) be the first derivative of -5*l**2/2 + 3*l + 2782. Calculate q(m).
-7
Let n(h) = -9*h**2 - 9*h - 2. Let b(k) = -5*k**2 - 5*k - 1. Let m = -1 + -10. Let j(l) = m*b(l) + 6*n(l). Let c(v) = v + 6. Let x be c(-9). Calculate 